{"id":14,"date":"2026-04-11T20:20:12","date_gmt":"2026-04-11T17:20:12","guid":{"rendered":"https:\/\/yuki-it.biz\/?page_id=14"},"modified":"2026-04-11T20:20:12","modified_gmt":"2026-04-11T17:20:12","slug":"ayin-firsatlari","status":"publish","type":"page","link":"https:\/\/yuki-it.biz\/index.php\/ayin-firsatlari\/","title":{"rendered":"Ay\u0131n F\u0131rsatlar\u0131"},"content":{"rendered":"<p>Bundan b\u00f6yle her ay, \u00e7ok para tasarruf edebilece\u011finiz bir teklif haz\u0131rl\u0131yoruz. G\u00fcncel kal\u0131n ve f\u0131rsatlar\u0131n tad\u0131n\u0131 \u00e7\u0131kar\u0131n.<\/p>\n","protected":false},"excerpt":{"rendered":"<p>Bundan b\u00f6yle her ay, \u00e7ok para tasarruf edebilece\u011finiz bir teklif haz\u0131rl\u0131yoruz. G\u00fcncel kal\u0131n ve f\u0131rsatlar\u0131n tad\u0131n\u0131 \u00e7\u0131kar\u0131n.<\/p>\n","protected":false},"author":2,"featured_media":0,"parent":0,"menu_order":0,"comment_status":"closed","ping_status":"closed","template":"","meta":{"footnotes":""},"class_list":["post-14","page","type-page","status-publish","hentry"],"_links":{"self":[{"href":"https:\/\/yuki-it.biz\/index.php\/wp-json\/wp\/v2\/pages\/14","targetHints":{"allow":["GET"]}}],"collection":[{"href":"https:\/\/yuki-it.biz\/index.php\/wp-json\/wp\/v2\/pages"}],"about":[{"href":"https:\/\/yuki-it.biz\/index.php\/wp-json\/wp\/v2\/types\/page"}],"author":[{"embeddable":true,"href":"https:\/\/yuki-it.biz\/index.php\/wp-json\/wp\/v2\/users\/2"}],"replies":[{"embeddable":true,"href":"https:\/\/yuki-it.biz\/index.php\/wp-json\/wp\/v2\/comments?post=14"}],"version-history":[{"count":1,"href":"https:\/\/yuki-it.biz\/index.php\/wp-json\/wp\/v2\/pages\/14\/revisions"}],"predecessor-version":[{"id":15,"href":"https:\/\/yuki-it.biz\/index.php\/wp-json\/wp\/v2\/pages\/14\/revisions\/15"}],"wp:attachment":[{"href":"https:\/\/yuki-it.biz\/index.php\/wp-json\/wp\/v2\/media?parent=14"}],"curies":[{"name":"wp","href":"https:\/\/api.w.org\/{rel}","templated":true}]}}