{"id":22,"date":"2026-04-11T20:25:16","date_gmt":"2026-04-11T17:25:16","guid":{"rendered":"https:\/\/yuki-it.biz\/?page_id=22"},"modified":"2026-04-11T20:25:16","modified_gmt":"2026-04-11T17:25:16","slug":"web-tasarim-internet","status":"publish","type":"page","link":"https:\/\/yuki-it.biz\/index.php\/hizmetler\/web-tasarim-internet\/","title":{"rendered":"Web Tasar\u0131m &#038; \u0130nternet"},"content":{"rendered":"<p data-start=\"37\" data-end=\"231\"><strong data-start=\"37\" data-end=\"231\">\u0130nternet eri\u015fiminizin kurulumu konusunda yard\u0131ma ihtiya\u00e7 duyuyor veya kendi internet sitenizle internette yer almak istiyorsan\u0131z, size bilgi ve destekle yard\u0131mc\u0131 olmaktan memnuniyet duyar\u0131z.<\/strong><\/p>\n<p data-start=\"233\" data-end=\"312\"><strong data-start=\"233\" data-end=\"312\">Bir internet sitesinin tasar\u0131m\u0131na, sitenizin kayd\u0131 ve y\u00f6netimi de dahildir.<\/strong><\/p>\n<p data-start=\"314\" data-end=\"385\"><strong data-start=\"314\" data-end=\"385\">WordPress, Dreamweaver, CSS ve benzeri programlar kullan\u0131lmaktad\u0131r.<\/strong><\/p>\n<p data-start=\"387\" data-end=\"412\"><strong data-start=\"387\" data-end=\"412\">Sizin avantajlar\u0131n\u0131z:<\/strong><\/p>\n<ul data-start=\"414\" data-end=\"494\" data-is-last-node=\"\" data-is-only-node=\"\">\n<li data-start=\"414\" data-end=\"435\">\n<p data-start=\"416\" data-end=\"435\">uzman dan\u0131\u015fmanl\u0131k<\/p>\n<\/li>\n<li data-start=\"436\" data-end=\"476\">\n<p data-start=\"438\" data-end=\"476\">mant\u0131kl\u0131 ve uygun maliyetli \u00e7\u00f6z\u00fcmler<\/p>\n<\/li>\n<li data-start=\"477\" data-end=\"494\" data-is-last-node=\"\">\n<p data-start=\"479\" data-end=\"494\" data-is-last-node=\"\">bak\u0131m ve destek<\/p>\n<\/li>\n<\/ul>\n","protected":false},"excerpt":{"rendered":"<p>\u0130nternet eri\u015fiminizin kurulumu konusunda yard\u0131ma ihtiya\u00e7 duyuyor veya kendi internet sitenizle internette yer almak istiyorsan\u0131z, size bilgi ve destekle yard\u0131mc\u0131 olmaktan memnuniyet duyar\u0131z. Bir internet sitesinin tasar\u0131m\u0131na, sitenizin kayd\u0131 ve y\u00f6netimi de dahildir. WordPress, Dreamweaver, CSS ve benzeri programlar kullan\u0131lmaktad\u0131r. Sizin avantajlar\u0131n\u0131z: uzman dan\u0131\u015fmanl\u0131k mant\u0131kl\u0131 ve uygun maliyetli \u00e7\u00f6z\u00fcmler bak\u0131m ve destek<\/p>\n","protected":false},"author":2,"featured_media":0,"parent":16,"menu_order":0,"comment_status":"closed","ping_status":"closed","template":"","meta":{"footnotes":""},"class_list":["post-22","page","type-page","status-publish","hentry"],"_links":{"self":[{"href":"https:\/\/yuki-it.biz\/index.php\/wp-json\/wp\/v2\/pages\/22","targetHints":{"allow":["GET"]}}],"collection":[{"href":"https:\/\/yuki-it.biz\/index.php\/wp-json\/wp\/v2\/pages"}],"about":[{"href":"https:\/\/yuki-it.biz\/index.php\/wp-json\/wp\/v2\/types\/page"}],"author":[{"embeddable":true,"href":"https:\/\/yuki-it.biz\/index.php\/wp-json\/wp\/v2\/users\/2"}],"replies":[{"embeddable":true,"href":"https:\/\/yuki-it.biz\/index.php\/wp-json\/wp\/v2\/comments?post=22"}],"version-history":[{"count":1,"href":"https:\/\/yuki-it.biz\/index.php\/wp-json\/wp\/v2\/pages\/22\/revisions"}],"predecessor-version":[{"id":23,"href":"https:\/\/yuki-it.biz\/index.php\/wp-json\/wp\/v2\/pages\/22\/revisions\/23"}],"up":[{"embeddable":true,"href":"https:\/\/yuki-it.biz\/index.php\/wp-json\/wp\/v2\/pages\/16"}],"wp:attachment":[{"href":"https:\/\/yuki-it.biz\/index.php\/wp-json\/wp\/v2\/media?parent=22"}],"curies":[{"name":"wp","href":"https:\/\/api.w.org\/{rel}","templated":true}]}}